{"id":361,"date":"2014-05-26T13:52:04","date_gmt":"2014-05-26T13:52:04","guid":{"rendered":"http:\/\/casasanroquevalladolid.com\/web\/?page_id=361"},"modified":"2015-04-27T17:27:31","modified_gmt":"2015-04-27T17:27:31","slug":"fiestas","status":"publish","type":"page","link":"https:\/\/casasanroquevalladolid.com\/web\/conoce-yucatan\/valladolid\/fiestas\/","title":{"rendered":"Fiestas"},"content":{"rendered":"<div class=\"wpb-content-wrapper\">[vc_row][vc_column width=\u00bb1\/1&#8243;][vc_wp_text]<div id=\"su_slider_69e2f21ccc1da\" class=\"su-slider su-slider-centered su-slider-pages-no su-slider-responsive-yes\" style=\"width:100%\" data-autoplay=\"3000\" data-speed=\"600\" data-mousewheel=\"false\"><div class=\"su-slider-slides\"><div class=\"su-slider-slide\"><a><img decoding=\"async\" src=\"https:\/\/casasanroquevalladolid.com\/web\/wp-content\/uploads\/2014\/05\/IMG_0477-960x580.jpg\" alt=\"IMG_0477\" \/><\/a><\/div><div class=\"su-slider-slide\"><a><img decoding=\"async\" src=\"https:\/\/casasanroquevalladolid.com\/web\/wp-content\/uploads\/2014\/05\/DSC_1889-960x580.jpg\" alt=\"DSC_1889\" \/><\/a><\/div><div class=\"su-slider-slide\"><a><img decoding=\"async\" src=\"https:\/\/casasanroquevalladolid.com\/web\/wp-content\/uploads\/2014\/05\/DSC_1885-960x580.jpg\" alt=\"DSC_1885\" \/><\/a><\/div><div class=\"su-slider-slide\"><a><img decoding=\"async\" src=\"https:\/\/casasanroquevalladolid.com\/web\/wp-content\/uploads\/2014\/05\/DSC_1872-960x580.jpg\" alt=\"DSC_1872\" \/><\/a><\/div><div class=\"su-slider-slide\"><a><img decoding=\"async\" src=\"https:\/\/casasanroquevalladolid.com\/web\/wp-content\/uploads\/2014\/05\/51-960x580.jpg\" alt=\"5\" \/><\/a><\/div><\/div><div class=\"su-slider-nav\"><div class=\"su-slider-direction\"><span class=\"su-slider-prev\"><\/span><span class=\"su-slider-next\"><\/span><\/div><div class=\"su-slider-pagination\"><\/div><\/div><\/div>[\/vc_wp_text][\/vc_column][\/vc_row][vc_row][vc_column width=\u00bb1\/1&#8243;][vc_column_text]<strong>LO NUESTRO<\/strong><\/p>\n<p><strong><em>Fiesta de la Candelaria<\/em><\/strong><br \/>\nDel 26 de enero al 3 de febrero se realiza una de las fiestas m\u00e1s importantes de la regi\u00f3n con una muestra art\u00edstica, cultural, artesanal, gastron\u00f3mica, ganadera y tur\u00edstica en honor a la patrona de la ciudad.<\/p>\n<p><strong><em>Fiesta de la Santa Cruz<\/em><\/strong><br \/>\nDel 23 de abril al 3 de mayo tiene lugar esta festividad en el barrio de la Cruz Verde, la cual se celebra con baile de jarana, rosarios y comida t\u00edpica de la regi\u00f3n.<\/p>\n<p><strong><em>Oto\u00f1o cultural de Valladolid<\/em><\/strong><br \/>\nEn octubre y noviembre, en distintos puntos de la ciudad, se desarrollan eventos culturales, art\u00edsticos y sociales. Tambi\u00e9n se hacen intercambios de cultura con otros municipios y estados del pa\u00eds.<\/p>\n<p><strong><em>D\u00eda de Muertos<\/em><\/strong><br \/>\nPara las festividades de todos los santos y de los fieles difuntos (1 y 2 de noviembre) se acostumbra colocar altares en las casas donde se les hacen ofrendas de comida. En las fiestas regionales bailan las jaranas y se hacen competencias entre los participantes.<\/p>\n<p>En esta \u00e9poca tambi\u00e9n se desarrolla el Hanal Phixan que consiste en una muestra de altares y ofrendas para los difuntos. Durante estas fiestas se confeccionan platillos especiales, como los bollos de harina de trigo con figuras de animales y mu\u00f1ecos para los ni\u00f1os difuntos; y los enormes pasteles redondos rellenos.[\/vc_column_text][\/vc_column][\/vc_row]\n<\/div>","protected":false},"excerpt":{"rendered":"<p>[vc_row][vc_column width=\u00bb1\/1&#8243;][vc_wp_text][\/vc_wp_text][\/vc_column][\/vc_row][vc_row][vc_column width=\u00bb1\/1&#8243;][vc_column_text]LO NUESTRO Fiesta de la Candelaria Del 26 de enero al 3 de febrero se realiza una de las fiestas m\u00e1s importantes de la regi\u00f3n con una muestra art\u00edstica, cultural, artesanal, gastron\u00f3mica, ganadera y tur\u00edstica en honor a la patrona de la ciudad. Fiesta de la Santa Cruz Del 23 de abril al<\/p>\n","protected":false},"author":4,"featured_media":0,"parent":312,"menu_order":0,"comment_status":"closed","ping_status":"closed","template":"","meta":{"footnotes":""},"class_list":["post-361","page","type-page","status-publish","hentry"],"_links":{"self":[{"href":"https:\/\/casasanroquevalladolid.com\/web\/wp-json\/wp\/v2\/pages\/361","targetHints":{"allow":["GET"]}}],"collection":[{"href":"https:\/\/casasanroquevalladolid.com\/web\/wp-json\/wp\/v2\/pages"}],"about":[{"href":"https:\/\/casasanroquevalladolid.com\/web\/wp-json\/wp\/v2\/types\/page"}],"author":[{"embeddable":true,"href":"https:\/\/casasanroquevalladolid.com\/web\/wp-json\/wp\/v2\/users\/4"}],"replies":[{"embeddable":true,"href":"https:\/\/casasanroquevalladolid.com\/web\/wp-json\/wp\/v2\/comments?post=361"}],"version-history":[{"count":4,"href":"https:\/\/casasanroquevalladolid.com\/web\/wp-json\/wp\/v2\/pages\/361\/revisions"}],"predecessor-version":[{"id":502,"href":"https:\/\/casasanroquevalladolid.com\/web\/wp-json\/wp\/v2\/pages\/361\/revisions\/502"}],"up":[{"embeddable":true,"href":"https:\/\/casasanroquevalladolid.com\/web\/wp-json\/wp\/v2\/pages\/312"}],"wp:attachment":[{"href":"https:\/\/casasanroquevalladolid.com\/web\/wp-json\/wp\/v2\/media?parent=361"}],"curies":[{"name":"wp","href":"https:\/\/api.w.org\/{rel}","templated":true}]}}